e the second derivative of m(v). Give f(-2).
-9
Let c be 141/21 - (1 - (-18)/(-14)). Let f(m) = -m - 27*m**2 + 26*m**2 + c - 14. Calculate f(0).
-7
Suppose 3*l = -l + 24. Let d(x) = -335 - 337 + 4*x + 667. Determine d(l).
19
Let u(m) = m**2 + m - 10. Suppose -6*s = s - 7. Let k(d) = d**3 - 1. Let x be k(s). Determine u(x).
-10
Let g(h) = 19*h - 4. Let b(y) = 26*y - 5. Let i(d) = 4*b(d) - 5*g(d). What is i(2)?
18
Let o = -18 + 25. Let r(t) = 6*t - 5*t - 8 - 2*t. Calculate r(o).
-15
Let r(b) = -7*b**3 - 10*b**2 + 11*b - 15. Let w(j) = -8*j**3 - 10*j**2 + 11*j - 16. Let q(i) = 9*r(i) - 8*w(i). Let o(u) = -9*u. Let k be o(-1). Calculate q(k).
11
Let g(h) = -11 - 6*h + 3 - 6*h + h**2. Let i be g(13). Let p(d) = -3*d - 6*d**2 + i*d**2 + 2*d - 2*d - 1. Calculate p(-1).
1
Suppose -5 = -7*q + 2*q, 0 = -3*t - 5*q + 11. Let j be (9/(-4))/((-9)/12). Let m(k) = -j*k**2 + 5*k**2 + 4*k - 4*k**t - 6 + 3*k**2. Calculate m(-6).
6
Suppose -6 = -h - 2*h. Suppose 2*o - h*k + 4 = -8, 4*o = 5*k - 28. Let c(l) be the third derivative of l**5/30 + l**4/24 + l**3/6 - l**2. What is c(o)?
7
Let c(x) = x**2 + 11*x - 14. Let r be c(-13). Let w(q) = 19 - 29 + 7 + q + r. What is w(-4)?
5
Let b(v) = -6*v - 37. Let p be b(-7). Suppose p = -5*y - 0. Let k(o) = -o**2 + 1. Let c(f) = -6*f**2 + f + 1. Let z(i) = -c(i) + k(i). Calculate z(y).
6
Let h(n) be the third derivative of n**6/120 + n**5/12 + n**4/24 - 2*n**3/3 - n**2. Suppose 0 = -7*o + 6*f - 2*f - 9, 15 = -5*f. What is h(o)?
11
Let v(d) = d + 8. Let n be v(-6). Let i be 4*(45/(-20) + n). Let k(z) = 17*z**3 - z. Calculate k(i).
-16
Let g(t) = t**2 - 5*t + 7. Let k(y) = 0*y**2 + 0*y**2 + 6*y**2 + 35 - 25*y. Let f(p) = -11*g(p) + 2*k(p). Calculate f(-6).
-1
Let z be (1 - 2 - 3) + -27. Let f = z - -33. Suppose -17*o - f = -16*o. Let r(d) = -d**2 - d + 1. Give r(o).
-1
Let h(o) = -o**3 - o**2 - o - 2. Let k(c) = 4*c**3 - 7*c**2 - c + 15. Let x(n) = -3*h(n) - k(n). What is x(10)?
31
Let j(z) = -z**3 + 38 - 39 + 5*z**2 + z**2 + 2*z - 3*z - 4*z**2. What is j(1)?
-1
Suppose 93*r + 7 = 86*r. Let a(z) = 38*z - 2. Calculate a(r).
-40
Suppose -4 = t + t. Let v(i) = 11*i**3 - 1 + 2*i**3 - 2*i - 12*i**3 - i**2. What is v(t)?
-9
Let p(t) = 2*t**3 - 2*t**3 + 6*t**2 - 8 + t**3 - t. Let h = 11 - 3. Suppose 11*d - h*d = -18. Calculate p(d).
-2
Let i be (-125)/20 + 1/4. Let a(c) = -4*c**2 - 4*c - 3. Let b be a(-2). Let z(p) = -5*p - 9. Let n(w) = 9*w + 17. Let f(u) = b*z(u) + i*n(u). Determine f(9).
6
Suppose 3*r - 9*r = -18. Suppose 4*q + s = -0*s + 20, r*q = 3*s. Suppose q*c + 20 = 28. Let a(x) = 3*x - 1. Determine a(c).
5
Let w(p) be the third derivative of p**5/120 - 7*p**4/24 + 5*p**3/3 - 5*p**2. Let g(a) be the first derivative of w(a). Let o be 46/10 - 4/(-10). Give g(o).
-2
Let t(c) = -c**3 + 3*c**2 - 2*c - 1. Let y be -4*(5/2 + -3). Suppose -2 = -y*s - 4. Let z be (-4 - -7) + s + 1. What is t(z)?
-7
Let d(q) = q - 5. Let s be d(-4). Let o(r) = r**3 + 8*r**2 - 11*r - 20. What is o(s)?
-2
Let f(c) = -10*c**3 - 2*c**2 + 8*c + 3. Let z(r) = 18*r**3 + 3*r**2 - 14*r - 5. Let m(p) = 5*f(p) + 3*z(p). Determine m(-2).
-32
Suppose -48 = -5*u - u. Suppose u = -8*y - 8. Let o(k) = 2*k - 2. What is o(y)?
-6
Suppose -2*j = 102 + 2. Let r = j + 80. Suppose -3*g - g = -r. Let n(l) = l - 4. Determine n(g).
3
Let r(a) = -a + 4. Let p be r(6). Let d = 7 + p. Let u(y) = 5 - 3 - 5*y**2 + d*y + 4*y**2. What is u(4)?
6
Let g(x) = -6*x**3 + x + 1. Suppose 2*m = -f + 3, -5*m - 5*f + 20 = -0*m. Calculate g(m).
6
Suppose 2*i + 2*i - 12 = 0. Let o(b) = -3*b**3 - 3*b**2 - b + 2. Let a(l) = l**3 + l - 1. Suppose 0 - 2 = 2*n. Let y(q) = n*o(q) - 4*a(q). Determine y(i).
-7
Let u(k) be the second derivative of k**5/20 - k**4/4 - 5*k**3/6 - 4*k. Let r = 23 - 15. Suppose -12 = -5*v + r. Calculate u(v).
-4
Let k(u) be the second derivative of u**4/3 - u**3/6 - u**2/2 + 3*u. Let y(p) = -p**2 + 6*p - 9. Let d be y(4). Determine k(d).
4
Let z(i) = 2*i**2 + 6*i + 4. Let k(q) = q**2 + 3*q + 2. Let r(a) = 5*k(a) - 3*z(a). Let j(u) = 3*u**2 + 7*u + 3. Let f(m) = 2*j(m) + 5*r(m). Give f(0).
-4
Let h(f) be the third derivative of -31*f**2 + 1/60*f**5 + 0 + 0*f - 1/6*f**3 + 7/24*f**4. Let w be -4 + (1 + -2 - 1). Give h(w).
-7
Let n(q) = -6*q**3 + q - 1. Suppose 5 = 2*h + 4*c + 1, -2*h + 7 = c. Suppose -9 = h*b + 11. Let o = -4 - b. Calculate n(o).
-6
Let p be (48*-1)/(-4) + -1. Let a = p + -12. Let q(d) = 2 + d**2 - d**3 - d**3 - 3. Calculate q(a).
2
Let o = -283 + 276. Let j(c) = c**2 + 10*c + 9. Calculate j(o).
-12
Let x(c) = -2*c - 10. Let p be x(-6). Let w(o) = 11*o**p - 4*o - 9*o**2 - o**2 - 8. Determine w(6).
4
Let a(u) = -6*u + 14*u + 2*u + 7*u**2 - 8*u**2 - 5*u. Suppose 5*o = -5*z - 38 - 12, 2*o + 10 = -z. Let i = -6 - z. Calculate a(i).
4
Let u be 3/3 + 2/(-2 - 0). Let t(z) be the second derivative of -z**5/20 + 3*z**2 + z. Give t(u).
6
Let d(b) = 2*b**3 - b**2 - b + 2. Let r = -108 + 106. Determine d(r).
-16
Let p(n) = 2*n - 3. Let m(v) = -v + 2. Let g be m(3). Let f be -25*((-9)/5 - g). Suppose 0 = 7*j + f + 1. Determine p(j).
-9
Let j(a) = 7*a - 1 - 3 + 22. Let r(w) = -6*w - 17. Let d(m) = -5*j(m) - 6*r(m). Calculate d(-6).
6
Suppose -f + 41 = 2*f + 5*k, f - 11 = -k. Let i(d) = d**2 - 12*d + 26. What is i(f)?
-9
Let r(k) be the first derivative of 1/6*k**3 - 2 + 3/2*k**2 + 12*k. Let x(n) be the first derivative of r(n). Determine x(-3).
0
Let u(a) = -a**2 + 3*a + 5. Let d = -17 + 13. Let j be (-6)/(((-3)/6)/((-2)/d)). What is u(j)?
-13
Let a(z) = -2 - 9*z - z**3 + 0*z**3 + 22 - 9 + 9*z**2. Calculate a(8).
3
Let o(a) = -47*a**3 - 3*a**2 + 14*a - 17. Let x be 75/12 - (-2)/(-8). Let k(t) = -16*t**3 - t**2 + 5*t - 6. Let f(r) = x*o(r) - 17*k(r). Determine f(-1).
10
Let a(n) be the third derivative of -7*n**2 + 2/3*n**3 + 1/24*n**4 - 1/12*n**5 + 0 + 1/120*n**6 + 0*n. Suppose -5*u + 29 = 9. What is a(u)?
-8
Let o(r) be the second derivative of r**5/20 - r**4/12 + r**3/6 + r**2/2 + r. Suppose 0 = 3*u - 2*l - 14, 4*l + 6 + 4 = -3*u. Calculate o(u).
7
Let d(l) = -l + 1. Let i(b) = 3*b + 9. Let o(w) = -12*d(w) - 3*i(w). Calculate o(17).
12
Let p(l) = l**2 + 9*l + 10. Let j(t) = t**2 - 4*t - 7. Let i be j(7). Let x be (-4)/i + 810/(-105). Calculate p(x).
2
Let w(b) = b**3 - 2*b**2 - 2*b + 2. Suppose -35*h + 30*h = -10. Calculate w(h).
-2
Let c be 155/10 - (-4)/8. Suppose 5*x + 56 - c = 0. Let r(v) = -v**3 - 7*v**2 + 9*v + 5. Determine r(x).
-3
Let o(r) = -r**2 + 1. Let d be 2/4 + -1 + 9/6. Let l(y) = y**2 + 2*y + 1. Let j(v) = d*l(v) + 2*o(v). Calculate j(-2).
-5
Let g(m) = -2*m - 5. Let j = 15 + -15. Let a = -6 - j. Calculate g(a).
7
Let r(d) = -d + 29. Let n(i) = 4. Let c(h) = -20*n(h) + 5*r(h). Calculate c(11).
10
Let g(d) = 164*d + 216. Let c(f) = 31*f + 43. Let z(p) = -16*c(p) + 3*g(p). Give z(-9).
-4
Let c(x) = 7*x. Let n be c(1). Let u(w) be the third derivative of w**6/120 - 2*w**5/15 + 7*w**4/24 + w**3/3 - 3*w**2 + 55*w. Calculate u(n).
2
Let l(v) = v**2 + 13. Let j(q) = -q**2 + 2*q. Let k be j(2). Suppose k*f = f. Give l(f).
13
Let s(g) = 7 - 23*g**2 - g + 12*g**2 + 10*g**2. Give s(0).
7
Suppose -5*i - 31 = 3*a, -24 = 2*a + 2*i + 3*i. Let g(h) = -255*h**3 - h - 5 + 256*h**3 - 84*h**2 + 91*h**2. What is g(a)?
2
Let t(y) be the first derivative of -y**3/3 + 4*y**2 + 3*y - 165. Calculate t(7).
10
Let y = -146 - -165. Let j(x) = -4 - 3*x + 4*x + 42*x**3 - y*x**3 + 6*x**2 - 22*x**3. What is j(-6)?
-10
Let v(q) = q**3 + 34*q**2 - 5*q - 163. Let k be v(-34). Let r(l) = -l + 3. What is r(k)?
-4
Let r(u) = u - 1. Let a(o) = 5*o - 9. Let x(l) = a(l) - 4*r(l). What is x(6)?
1
Let w(v) be the second derivative of -v**5/20 - v**4/2 - v**3/6 - 6*v**2 + 10*v. Let q be w(-6). Let h(n) = n**2 + 8*n + 9. Determine h(q).
-3
Let u be 16/(-4) + 3 + -2. Let m be 1/u*84/7. Let h(q) = -q**2 - 7*q - 6. Give h(m).
6
Let d(c) be the first derivative of -c**2/2 - 4*c - 211. What is d(0)?
-4
Let o be (5/3)/((-3)/9). Let p(x) = -4*x**3 + x**2 - 2*x**3 + x - 6*x**2 + 699 + 5*x**3 - 695. What is p(o)?
-1
Let k be 0/1 + 2*-1. Let j(n) = -2 + 272*n**2 + 24*n - 27*n - 94*n**2 - 93*n**2 - 87*n**2. Determine j(k).
-4
Let s(v) be the third derivative of -v**4/24 + 5*v**3/3 - 3*v**2. Let j(m) = m**2 - m - 7. Let w be j(5). Let y = -6 + w. What is s(y)?
3
Suppose -46*m + 40*m + 36 = 0. Let t(c) = -c**2